{"id":206,"date":"2023-11-27T11:35:04","date_gmt":"2023-11-27T11:35:04","guid":{"rendered":"https:\/\/neuronthemes.com\/orken\/?page_id=206"},"modified":"2024-11-20T14:44:55","modified_gmt":"2024-11-20T14:44:55","slug":"uber-uns","status":"publish","type":"page","link":"https:\/\/dukasolutions.de\/duka_bau\/uber-uns\/","title":{"rendered":"\u00fcber uns"},"content":{"rendered":"\t\t<div data-elementor-type=\"wp-page\" data-elementor-id=\"206\" class=\"elementor elementor-206\">\n\t\t\t\t<div class=\"elementor-element elementor-element-46f22005 e-con-full animated-fast e-flex elementor-invisible e-con e-parent\" data-id=\"46f22005\" data-element_type=\"container\" data-settings=\"{&quot;background_background&quot;:&quot;classic&quot;,&quot;animation&quot;:&quot;h-neuron-animation--slideUp&quot;}\">\n\t\t\t\t<div class=\"elementor-element elementor-element-f7c58e0 elementor-icon-list--layout-traditional elementor-list-item-link-full_width elementor-widget elementor-widget-icon-list\" data-id=\"f7c58e0\" data-element_type=\"widget\" data-widget_type=\"icon-list.default\">\n\t\t\t\t<div class=\"elementor-widget-container\">\n\t\t\t\t\t<ul class=\"elementor-icon-list-items\">\n\t\t\t\t\t\t\t<li class=\"elementor-icon-list-item\">\n\t\t\t\t\t\t\t\t\t\t\t<span class=\"elementor-icon-list-icon\">\n\t\t\t\t\t\t\t<i aria-hidden=\"true\" class=\"n-icon n-icon-dash\"><\/i>\t\t\t\t\t\t<\/span>\n\t\t\t\t\t\t\t\t\t\t<span class=\"elementor-icon-list-text\">\u00fcber uns<\/span>\n\t\t\t\t\t\t\t\t\t<\/li>\n\t\t\t\t\t\t<\/ul>\n\t\t\t\t<\/div>\n\t\t\t\t<\/div>\n\t\t\t\t<div class=\"elementor-element elementor-element-6272df2e elementor-widget elementor-widget-heading\" data-id=\"6272df2e\" data-element_type=\"widget\" data-widget_type=\"heading.default\">\n\t\t\t\t<div class=\"elementor-widget-container\">\n\t\t\t<h3 class=\"elementor-heading-title elementor-size-default\">Erfahren Sie mehr \u00fcber uns\n\n\n\n\n\n\n<\/h3>\t\t<\/div>\n\t\t\t\t<\/div>\n\t\t\t\t<div class=\"elementor-element elementor-element-1cd47971 elementor-widget elementor-widget-button\" data-id=\"1cd47971\" data-element_type=\"widget\" data-widget_type=\"button.default\">\n\t\t\t\t<div class=\"elementor-widget-container\">\n\t\t\t\t\t\t\t<div class=\"elementor-button-wrapper\">\n\t\t\t\t\t<a class=\"elementor-button elementor-button-link elementor-size-sm\" href=\"#stats\">\n\t\t\t\t\t\t<span class=\"elementor-button-content-wrapper\">\n\t\t\t\t\t\t<span class=\"elementor-button-icon\">\n\t\t\t\t\t\t\t<\/span>\n\t\t\t\t\t\t\t\t\t<span class=\"elementor-button-text\">Nach unten scrollen<\/span>\n\t\t\t\t\t<\/span>\n\t\t\t\t\t<\/a>\n\t\t\t\t<\/div>\n\t\t\t\t\t\t<\/div>\n\t\t\t\t<\/div>\n\t\t\t\t<\/div>\n\t\t<div class=\"elementor-element elementor-element-5a65d7f9 e-flex e-con-boxed e-con e-parent\" data-id=\"5a65d7f9\" data-element_type=\"container\" data-settings=\"{&quot;background_background&quot;:&quot;classic&quot;}\">\n\t\t\t\t\t<div class=\"e-con-inner\">\n\t\t<div class=\"elementor-element elementor-element-160258cd e-con-full e-flex e-con e-child\" data-id=\"160258cd\" data-element_type=\"container\">\n\t\t<div class=\"elementor-element elementor-element-2f5b7deb e-con-full e-flex e-con e-child\" data-id=\"2f5b7deb\" data-element_type=\"container\">\n\t\t\t\t<div class=\"elementor-element elementor-element-4b226047 elementor-icon-list--layout-traditional elementor-list-item-link-full_width elementor-widget elementor-widget-icon-list\" data-id=\"4b226047\" data-element_type=\"widget\" data-widget_type=\"icon-list.default\">\n\t\t\t\t<div class=\"elementor-widget-container\">\n\t\t\t\t\t<ul class=\"elementor-icon-list-items\">\n\t\t\t\t\t\t\t<li class=\"elementor-icon-list-item\">\n\t\t\t\t\t\t\t\t\t\t\t<span class=\"elementor-icon-list-icon\">\n\t\t\t\t\t\t\t<i aria-hidden=\"true\" class=\"n-icon n-icon-dash\"><\/i>\t\t\t\t\t\t<\/span>\n\t\t\t\t\t\t\t\t\t\t<span class=\"elementor-icon-list-text\">\u00fcber uns<\/span>\n\t\t\t\t\t\t\t\t\t<\/li>\n\t\t\t\t\t\t<\/ul>\n\t\t\t\t<\/div>\n\t\t\t\t<\/div>\n\t\t\t\t<\/div>\n\t\t<div class=\"elementor-element elementor-element-4c03c28a e-con-full e-flex e-con e-child\" data-id=\"4c03c28a\" data-element_type=\"container\">\n\t\t\t\t<div class=\"elementor-element elementor-element-68dd4329 elementor-widget elementor-widget-heading\" data-id=\"68dd4329\" data-element_type=\"widget\" data-widget_type=\"heading.default\">\n\t\t\t\t<div class=\"elementor-widget-container\">\n\t\t\t<h2 class=\"elementor-heading-title elementor-size-default\">Willkommen bei Duka Bau<\/h2>\t\t<\/div>\n\t\t\t\t<\/div>\n\t\t\t\t<div class=\"elementor-element elementor-element-7250c91 elementor-widget elementor-widget-heading\" data-id=\"7250c91\" data-element_type=\"widget\" data-widget_type=\"heading.default\">\n\t\t\t\t<div class=\"elementor-widget-container\">\n\t\t\t<h2 class=\"elementor-heading-title elementor-size-default\"> Ihrem verl\u00e4sslichen Partner f\u00fcr Bauprojekte in ganz Deutschland.<\/h2>\t\t<\/div>\n\t\t\t\t<\/div>\n\t\t\t\t<\/div>\n\t\t\t\t<\/div>\n\t\t\t\t\t<\/div>\n\t\t\t\t<\/div>\n\t\t<div class=\"elementor-element elementor-element-206bac2d e-con-full e-flex e-con e-parent\" data-id=\"206bac2d\" data-element_type=\"container\">\n\t\t<div class=\"elementor-element elementor-element-570f4602 e-con-full e-flex elementor-invisible e-con e-child\" data-id=\"570f4602\" data-element_type=\"container\" data-settings=\"{&quot;background_background&quot;:&quot;classic&quot;,&quot;animation&quot;:&quot;h-neuron-animation--specialOne&quot;}\">\n\t\t\t\t<div class=\"elementor-element elementor-element-362226ab elementor-widget elementor-widget-heading\" data-id=\"362226ab\" data-element_type=\"widget\" data-widget_type=\"heading.default\">\n\t\t\t\t<div class=\"elementor-widget-container\">\n\t\t\t<h2 class=\"elementor-heading-title elementor-size-default\">Bei Duka Bau sind wir spezialisiert auf die Neugestaltung von R\u00e4umen durch fachkundige Renovierungen, den Bau ma\u00dfgeschneiderter H\u00e4user mit h\u00f6chster Pr\u00e4zision sowie die Entwicklung nachhaltiger Baukonzepte f\u00fcr eine gr\u00fcnere Zukunft. Unser umfassendes Leistungsspektrum umfasst Renovierungen, Umgestaltungen, Projektmanagement und professionelle Beratung, um sicherzustellen, dass Ihre Vision mit gr\u00f6\u00dfter Sorgfalt und Exzellenz verwirklicht wird.\n<br>\n<br>\n Mit einem starken Fokus auf Qualit\u00e4t, Nachhaltigkeit und Innovation bringen wir unvergleichliche Expertise und Leidenschaft in jedes Projekt, das wir umsetzen.<\/h2>\t\t<\/div>\n\t\t\t\t<\/div>\n\t\t\t\t<\/div>\n\t\t<div class=\"elementor-element elementor-element-7a866a7b e-con-full elementor-hidden-tablet elementor-hidden-mobile e-flex elementor-invisible e-con e-child\" data-id=\"7a866a7b\" data-element_type=\"container\" data-settings=\"{&quot;background_background&quot;:&quot;classic&quot;,&quot;animation&quot;:&quot;h-neuron-animation--fadeIn&quot;}\">\n\t\t\t\t<\/div>\n\t\t\t\t<\/div>\n\t\t<div class=\"elementor-element elementor-element-6f460d23 e-con-full animated-fast e-flex elementor-invisible e-con e-parent\" data-id=\"6f460d23\" data-element_type=\"container\" data-settings=\"{&quot;background_background&quot;:&quot;classic&quot;,&quot;animation&quot;:&quot;h-neuron-animation--slideUp&quot;}\">\n\t\t<div class=\"elementor-element elementor-element-649da349 e-con-full e-flex e-con e-child\" data-id=\"649da349\" data-element_type=\"container\" data-settings=\"{&quot;background_background&quot;:&quot;classic&quot;}\">\n\t\t\t\t<\/div>\n\t\t<div class=\"elementor-element elementor-element-54ac17a6 e-con-full e-flex e-con e-child\" data-id=\"54ac17a6\" data-element_type=\"container\">\n\t\t\t\t<div class=\"elementor-element elementor-element-31a58ed4 elementor-widget elementor-widget-heading\" data-id=\"31a58ed4\" data-element_type=\"widget\" data-widget_type=\"heading.default\">\n\t\t\t\t<div class=\"elementor-widget-container\">\n\t\t\t<h4 class=\"elementor-heading-title elementor-size-default\">Wir analysieren Baubranchen-Trends, <br> entdecken M\u00f6glichkeiten und entwickeln <br> ma\u00dfgeschneiderte <span class=\"yellow-heading\"> L\u00f6sungen, um <br> Ihre Vision Wirklichkeit werden zu lassen. <\/span><\/h4>\t\t<\/div>\n\t\t\t\t<\/div>\n\t\t\t\t<\/div>\n\t\t\t\t<\/div>\n\t\t<div class=\"elementor-element elementor-element-1e262da e-con-full animated-fast e-flex elementor-invisible e-con e-parent\" data-id=\"1e262da\" data-element_type=\"container\" data-settings=\"{&quot;background_background&quot;:&quot;classic&quot;,&quot;animation&quot;:&quot;h-neuron-animation--slideUp&quot;}\">\n\t\t<div class=\"elementor-element elementor-element-553de9a4 e-con-full e-flex e-con e-child\" data-id=\"553de9a4\" data-element_type=\"container\">\n\t\t\t\t<div class=\"elementor-element elementor-element-6dc0eee3 elementor-widget elementor-widget-google_maps\" data-id=\"6dc0eee3\" data-element_type=\"widget\" data-widget_type=\"google_maps.default\">\n\t\t\t\t<div class=\"elementor-widget-container\">\n\t\t\t\t\t<div class=\"elementor-custom-embed\">\n\t\t\t<iframe loading=\"lazy\"\n\t\t\t\t\tsrc=\"https:\/\/maps.google.com\/maps?q=Rieckstra%C3%9Fe%2030%2C%2059269%20Beckum&#038;t=m&#038;z=9&#038;output=embed&#038;iwloc=near\"\n\t\t\t\t\ttitle=\"Rieckstra\u00dfe 30, 59269 Beckum\"\n\t\t\t\t\taria-label=\"Rieckstra\u00dfe 30, 59269 Beckum\"\n\t\t\t><\/iframe>\n\t\t<\/div>\n\t\t\t\t<\/div>\n\t\t\t\t<\/div>\n\t\t\t\t<\/div>\n\t\t<div class=\"elementor-element elementor-element-c5247f e-con-full e-flex e-con e-child\" data-id=\"c5247f\" data-element_type=\"container\" data-settings=\"{&quot;background_background&quot;:&quot;classic&quot;}\">\n\t\t\t\t<div class=\"elementor-element elementor-element-3dc8635c elementor-widget elementor-widget-heading\" data-id=\"3dc8635c\" data-element_type=\"widget\" data-widget_type=\"heading.default\">\n\t\t\t\t<div class=\"elementor-widget-container\">\n\t\t\t<h2 class=\"elementor-heading-title elementor-size-default\">Kontaktieren sie uns<\/h2>\t\t<\/div>\n\t\t\t\t<\/div>\n\t\t\t\t<div class=\"elementor-element elementor-element-138ed61a elementor-widget elementor-widget-neuron-form\" data-id=\"138ed61a\" data-element_type=\"widget\" data-widget_type=\"neuron-form.default\">\n\t\t\t\t<div class=\"elementor-widget-container\">\n\t\t\t\t\t<form class=\"m-neuron-form\" method=\"post\" name=\"New Form\">\n\t\t\t<input type=\"hidden\" name=\"post_id\" value=\"206\"\/>\n\t\t\t<input type=\"hidden\" name=\"form_id\" value=\"138ed61a\"\/>\n\n\t\t\t\t\t\t<div class=\"m-neuron-form__field-group--text m-neuron-form__field-group elementor-repeater-item-b65f33d\">\n\t\t\t\t<label for=\"form-field-name\" class=\"m-neuron-form__label\">Name<\/label><input size=\"1\" type=\"text\" name=\"form_fields[name]\" id=\"form-field-name\" class=\"m-neuron-form__field h-neuron-size-sm  m-neuron-form__input\" placeholder=\"Your name...\">\t\t\t<\/div>\n\t\t\t\t\t\t<div class=\"m-neuron-form__field-group--email m-neuron-form__field-group elementor-repeater-item-e283308 m-neuron-form__field-group--required\">\n\t\t\t\t<label for=\"form-field-email\" class=\"m-neuron-form__label\">Email<\/label><input size=\"1\" type=\"email\" name=\"form_fields[email]\" id=\"form-field-email\" class=\"m-neuron-form__field h-neuron-size-sm  m-neuron-form__input\" placeholder=\"Your email...\" required=\"required\" aria-required=\"true\">\t\t\t<\/div>\n\t\t\t\t\t\t<div class=\"m-neuron-form__field-group--textarea m-neuron-form__field-group elementor-repeater-item-ecda3d7\">\n\t\t\t\t<label for=\"form-field-message\" class=\"m-neuron-form__label\">Nachricht<\/label><textarea class=\"m-neuron-form__field  h-neuron-size-sm\" name=\"form_fields[message]\" id=\"form-field-message\" rows=\"4\" placeholder=\"Write your message here....\"><\/textarea>\t\t\t<\/div>\n\t\t\t\t\t\t<div class=\"m-neuron-form__field-group m-neuron-form__button\">\n\t\t\t\t<button type=\"submit\" class=\"m-neuron-form__submit-button a-neuron-button h-neuron-size--sm\">\n\t\t\t\t\t<span class=\"m-neuron-form__button-icon--right\">\n\t\t\t\t\t\t\t\t\t\t\t\t\t<span class=\"m-neuron-form__button-icon\">\n\t\t\t\t\t\t\t\t\t\t\t\t\t\t\t\t\t\t\t\t\t\t\t<\/span>\n\t\t\t\t\t\t\t\t\t\t\t\t\t\t\t\t\t\t\t<span class=\"m-neuron-form__button-text\">Nachricht senden<\/span>\n\t\t\t\t\t\t\t\t\t\t\t<\/span>\n\t\t\t\t<\/button>\n\t\t\t<\/div>\n\t\t<\/form>\n\t\t\t\t<\/div>\n\t\t\t\t<\/div>\n\t\t\t\t<\/div>\n\t\t\t\t<\/div>\n\t\t\t\t<\/div>\n\t\t","protected":false},"excerpt":{"rendered":"<p>\u00fcber uns Erfahren Sie mehr \u00fcber uns Nach unten scrollen \u00fcber uns Willkommen bei Duka Bau Ihrem verl\u00e4sslichen Partner f\u00fcr Bauprojekte in ganz Deutschland. Bei Duka Bau sind wir spezialisiert auf die Neugestaltung von R\u00e4umen durch fachkundige Renovierungen, den Bau ma\u00dfgeschneiderter H\u00e4user mit h\u00f6chster Pr\u00e4zision sowie die Entwicklung nachhaltiger Baukonzepte f\u00fcr eine gr\u00fcnere Zukunft. Unser&#8230;<\/p>\n","protected":false},"author":1,"featured_media":0,"parent":0,"menu_order":0,"comment_status":"closed","ping_status":"closed","template":"","meta":{"footnotes":""},"class_list":["post-206","page","type-page","status-publish","hentry"],"_links":{"self":[{"href":"https:\/\/dukasolutions.de\/duka_bau\/wp-json\/wp\/v2\/pages\/206","targetHints":{"allow":["GET"]}}],"collection":[{"href":"https:\/\/dukasolutions.de\/duka_bau\/wp-json\/wp\/v2\/pages"}],"about":[{"href":"https:\/\/dukasolutions.de\/duka_bau\/wp-json\/wp\/v2\/types\/page"}],"author":[{"embeddable":true,"href":"https:\/\/dukasolutions.de\/duka_bau\/wp-json\/wp\/v2\/users\/1"}],"replies":[{"embeddable":true,"href":"https:\/\/dukasolutions.de\/duka_bau\/wp-json\/wp\/v2\/comments?post=206"}],"version-history":[{"count":149,"href":"https:\/\/dukasolutions.de\/duka_bau\/wp-json\/wp\/v2\/pages\/206\/revisions"}],"predecessor-version":[{"id":7685,"href":"https:\/\/dukasolutions.de\/duka_bau\/wp-json\/wp\/v2\/pages\/206\/revisions\/7685"}],"wp:attachment":[{"href":"https:\/\/dukasolutions.de\/duka_bau\/wp-json\/wp\/v2\/media?parent=206"}],"curies":[{"name":"wp","href":"https:\/\/api.w.org\/{rel}","templated":true}]}}